= -3*g. Suppose 0 = -3*m + 4*m + i, 3*i = g*m - 30. Let w(z) = -8*z - 10. What is the remainder when w(-3) is divided by m?
4
Suppose -2*n - 4 = -18. Suppose d = -3 + 2, 4*h - 67 = -5*d. Calculate the remainder when h is divided by n.
4
Suppose 15 = 2*q + 9. Let h = 16 - q. Calculate the remainder when h is divided by 8.
5
Let o = -12 + 55. Suppose 0 = -21*p + 154 + 77. Calculate the remainder when o is divided by p.
10
Let o = -114 - -127. Calculate the remainder when 31 is divided by o.
5
Suppose 2*r + 3*o - 44 = 0, -3*r + 4*o + 0*o = -66. Calculate the remainder when 86 is divided by r.
20
Suppose 4*g - g - 54 = 0. Calculate the remainder when 71 is divided by g.
17
Let v = 4 + 10. Calculate the remainder when 80 is divided by v.
10
Let g be (-21)/(-6)*-2 + -3. What is the remainder when 2/10 - 128/g is divided by 4?
1
Suppose 4*m - g - 117 = 0, 2*g = -1 + 7. What is the remainder when 57 is divided by m?
27
Suppose -4*a - i = -100, 5*i - 2*i + 142 = 5*a. Let r(o) = -o**3 - o**2 - 4*o - 3. What is the remainder when a is divided by r(-2)?
8
Suppose -6 = 5*i - 0*w + 2*w, 0 = 2*i + w + 3. Suppose i = -2*j + 1 - 5, -24 = -4*k - 2*j. What is the remainder when 12 is divided by k?
5
Let u = -6 + 11. Suppose -2*i = -4*n + 48, 3*n - u*i - 6 - 37 = 0. Calculate the remainder when 21 is divided by n.
10
Let d be 2020/18 - 4/18. Suppose 0 = -6*f + 2*f + d. Calculate the remainder when f is divided by 15.
13
Let q(o) = -o**3 - 4*o**2 - o + 2. Let h be q(-2). Let t be (1 - 2/2)/1. Let f = t - h. What is the remainder when 5 is divided by f?
1
Suppose -2*t - 528 = -6*t. Calculate the remainder when t is divided by 45.
42
Let d(h) = -h**3 + 3*h**2 - 4*h + 2. Let y be d(2). What is the remainder when (-1)/(y*2/232) is divided by 15?
13
Suppose 0 = -6*y + y + 35. Suppose 3*n - 8*n = -55. What is the remainder when n is divided by y?
4
Suppose 12 - 4 = 4*p. Let r = -28 + 19. Let k(y) = -y**3 - 10*y**2 - 10*y - 7. Calculate the remainder when k(r) is divided by p.
0
Let c be (32/20)/(1/25). Let t = c - 13. Let o = 9 + 5. Calculate the remainder when t is divided by o.
13
Let n = 91 - 74. Calculate the remainder when n is divided by 6.
5
Let d(t) = 67*t - 1. Let z be d(1). Suppose -5*x + x + z = 5*w, -3*w + x = -43. Let q = 9 - -32. What is the remainder when q is divided by w?
13
Suppose -2*i - 14 = -i + 4*p, 4 = 4*i + p. Suppose -i*m + 9 = m. Let u = -13 + 20. Calculate the remainder when u is divided by m.
1
Let m(a) = a**2. Calculate the remainder when m(4) is divided by 6*(-3)/(-6) + (5 - 2).
4
Calculate the remainder when 74 is divided by 2 + 2 + (-36)/(-3).
10
Let d(g) = g**3 - g**2 - 3*g - 3. What is the remainder when (-2)/(1 - 27/24) is divided by d(3)?
4
Suppose 9*z + 0 = 135. Calculate the remainder when 58 is divided by z.
13
Suppose -858 = -5*w - 4*g, 0*w - 4*g = 3*w - 510. Calculate the remainder when w is divided by 59.
56
Suppose 0*g - 2*g + 109 = 3*r, r - 31 = -2*g. Suppose 5*b = 154 - r. Calculate the remainder when 44 is divided by b.
21
Let q(t) = -t - 1. Let k be q(-4). Suppose -5*f = 5*v - k*v - 148, 0 = 3*f - v - 91. Suppose 11*b = 8*b + f. Calculate the remainder when 29 is divided by b.
9
Suppose b - 3 = 27. Calculate the remainder when 87 is divided by b.
27
Calculate the remainder when 21 is divided by (-1*12/4)/(9/(-33)).
10
Suppose -94 + 366 = 4*y. Suppose -8*z + 75 = -3*z + 5*q, -y = -5*z + 2*q. What is the remainder when 53 is divided by z?
11
Let k(f) = -3*f + 2. What is the remainder when 22 is divided by k(-2)?
6
Let a(j) = -14*j - 3. Let n(c) = c**3 + 6*c**2 + 6*c + 1. Let q be n(-5). What is the remainder when a(q) is divided by 18?
17
Let d(z) = -z**2 - 7*z + 10. Calculate the remainder when (-284)/(-6) + 8/12 is divided by d(-7).
8
Suppose -a + 2*a = -225. Let z = 10 - 3. Calculate the remainder when a/(-20) + (-6)/(-8) is divided by z.
5
Let p be ((-5)/(-15))/((-2)/(-36)). Suppose p*u - 72 = 3*u. Calculate the remainder when u is divided by 26*(5/2 - 2).
11
Let p = 69 - 45. Calculate the remainder when p is divided by 15.
9
Suppose -2*x - 5*d + 16 = -d, 5*x - 4*d = 110. What is the remainder when x is divided by 8?
2
Let q be (0 + -3 + 2)*-35. Suppose -s - 10 = s, w - 3*s = q. What is the remainder when w is divided by 11?
9
Let o(h) = -61*h + 2. Calculate the remainder when o(-2) is divided by 21.
19
Let z = -41 - -60. What is the remainder when z is divided by 5?
4
Suppose -2*i + 52 = -44. Calculate the remainder when i is divided by 10.
8
Suppose 0 = -5*w - 20, -r = -3*r + 5*w + 72. What is the remainder when r is divided by 14?
12
Let b = 444 - 241. Let a = b + -132. Suppose -43 = -3*w + a. Calculate the remainder when w is divided by 13.
12
What is the remainder when 38 is divided by 2 + (-2)/((-6)/33)?
12
Suppose -p = -5*v - 6*p, 0 = 3*p - 12. Let c = -63 + 87. What is the remainder when (24 + -1)/((-2)/v) is divided by c?
22
Let u = 227 + -104. What is the remainder when u is divided by 14?
11
Let n(t) = -t**2 + 7*t - 5. Let z be (3 + -2)/(1/7). Suppose 4 = -s + z. What is the remainder when n(4) is divided by s?
1
Let i(m) = m**3 - m**2 + 6*m - 7. What is the remainder when 80 is divided by i(2)?
8
Let u be (-2)/(-3) + 30/9. Let h = 3 + u. What is the remainder when 12 is divided by h?
5
Suppose 0*l + 4*l - 136 = 0. Suppose -5*f - 5 = 0, -6*r - 5*f = -r - 25. Let p = 18 - r. What is the remainder when l is divided by p?
10
Suppose 0 + 4 = q. Suppose 3*g = -15, -q*h + 36 = -3*g + 7*g. Calculate the remainder when (1/(-2))/((-1)/54) is divided by h.
13
Suppose -55 = a + 4*a. Let s = -6 + a. Let r = 35 + s. Calculate the remainder when r is divided by 10.
8
Suppose 7 = -f - 0*f - 4*u, 5*f - u = 28. Suppose -5*v = -f*b + 40, -2*b + 3*v + 17 = -0*b. What is the remainder when 12 is divided by b?
5
Suppose -42 = -7*d + 7. Calculate the remainder when 27 is divided by d.
6
Let u(o) = o**2 - 2*o - 4. Let i(h) = -h**2 + 7*h - 4. Calculate the remainder when i(5) is divided by u(4).
2
Let n(i) = -3*i + 28. Let a(k) = -4*k + 29. Let h(c) = -4*a(c) + 5*n(c). Suppose 0 = 4*z + 17 + 27. What is the remainder when 36 is divided by h(z)?
10
Suppose 4*b - 11 = 5. Calculate the remainder when 27 is divided by b.
3
Let u = -22 - -23. Calculate the remainder when 53 is divided by -4 - (u + -89)/4.
17
Suppose -60 = -o + 32. Suppose 5*g - g = o. What is the remainder when 89 is divided by g?
20
Let m(u) = u**3 - u**2 - u + 1. Calculate the remainder when 3/(-4) + (-595)/(-20) is divided by m(3).
13
Suppose -4*a + 2 + 214 = 0. Let u(z) = 5*z**2 - 5*z + 4. Calculate the remainder when a is divided by u(2).
12
Suppose z = -7*z + 112. What is the remainder when z is divided by 9?
5
Suppose 0*v + 2*v = 3*c + 56, 5*v = c + 114. What is the remainder when v is divided by 7?
1
Suppose -5*g + 5*t = -0*g, 4*g - 5*t - 2 = 0. Calculate the remainder when (0 + g - -26) + -2 is divided by 12.
10
Suppose -2*p + 3*p + 2*b - 15 = 0, -p + 2*b - 1 = 0. Calculate the remainder when p is divided by 5.
2
Let u(n) = -n**3 + n**2 + n + 7. Calculate the remainder when 18 is divided by u(0).
4
Suppose 2*u + 2 = 38. Let b(h) = -h - 1. Suppose 4*z + 3*s = -0*z - 44, 3*s = 4*z + 44. Calculate the remainder when u is divided by b(z).
8
Suppose -4*z + 2*h + 128 = 0, -h + 4 = -0*h. Suppose 20 = 3*u + 2*u. Let x = 13 - u. What is the remainder when z is divided by x?
7
What is the remainder when 1253/28 - (-3)/12 is divided by 23?
22
Let v = 0 + 45. What is the remainder when v is divided by 16?
13
Suppose 33 = 2*y - 5. Suppose 0 = -6*l + l + 2*h + 108, 0 = l - 2*h - 20. Let p = 32 - l. What is the remainder when y is divided by p?
9
Let q = 14 - 11. Suppose 0 = -q*s - 2*s - 2*v + 37, -s + 8 = v. Suppose -2*l - 2 = 0, -5*u + 52 + 51 = -3*l. Calculate the remainder when u is divided by s.
6
Suppose 3*j = -0*j + 216. Suppose 4*c + j = 2*f, 5*f + c = 4*c + 201. What is the remainder when f is divided by 22?
20
Let k(z) = -5*z - 7. What is the remainder when 37 is divided by k(-4)?
11
Let d(b) = 14*b**2 + 5*b + 2. Let r(g) = 7*g**2 + 3*g + 1. Let v(p) = 3*d(p) - 5*r(p). What is the remainder when v(1) is divided by 3?
2
Suppose -4*r + 59 = 3*v, -5*r - v + 65 = -r. Calculate the remainder when 40 is divided by r.
6
Suppose 2*f + f = 54. Let a(s) be the first derivat